 - 2*n - 12 = 0, -g + 3*n = 4*n. Suppose 3*l - 6 = -g*f, 5*f - 6*f - 4*l = 13. Calculate the remainder when 165 is divided by f.
4
Let r = 39 - 16. Let i(l) = -2*l**3 - 16*l**2 - 14*l + 12. Let f(s) = 10*s - 387. Let u be f(38). What is the remainder when r is divided by i(u)?
11
Let g(a) = 0*a**2 + 10*a + 2*a**2 + 6 + 8. Let z = 2347 - 2349. What is the remainder when 20 is divided by g(z)?
0
Suppose 0 = -3*p - 12, -4*p + 3*p = -2*t - 24. Let v(n) = n + 15. What is the remainder when 9 is divided by v(t)?
0
Let i = -453 + 445. What is the remainder when 913 is divided by -2*(284/i - -5)*1?
59
Suppose -6*j = -5*j - 36. Let r = 37 - j. Suppose 12*l - 6*l - 30 = 0. Calculate the remainder when l is divided by r.
0
What is the remainder when (503 + 7)/(85/102) is divided by 21?
3
Suppose 2*a + 2 = -s - 4*s, -2*a = 4*s - 2. Let j = -41234 - -41235. What is the remainder when a is divided by j?
0
Let k be -4 - ((-1 - 8) + 5). Let p(x) = -6*x + 6*x**2 + 5*x + 7 - 4*x - x**3 + k*x. Calculate the remainder when p(5) is divided by 5.
2
Let o = -550 + 554. Suppose -5*v = -8 - 57. Suppose -h + v = -0*h. Calculate the remainder when h is divided by o.
1
Let n(o) = -26*o - 99. Let u(z) = -z**3 + 18*z**2 - 16*z - 21. Let i be u(17). Calculate the remainder when 14 is divided by n(i).
4
Suppose -6 - 135 = -3*v. Suppose -w - 5*c = -v + 2, -3*w - 2*c + 187 = 0. Let j = 150 - w. What is the remainder when j is divided by 22?
19
Let q be (3/6 + -1)*(6 + 12). Let h be 241/q + 22/(-99). Calculate the remainder when 45 is divided by (h/(-18))/((-6)/(-32)).
5
Let w = 204 - 222. Calculate the remainder when (w/6 - -6) + (25 - 1) is divided by 14.
13
Let x = 8 + -5. Let m = 275 - 271. Suppose -4*n - 4*g - m = -0*g, x*n - 1 = -2*g. What is the remainder when 6 is divided by n?
0
Let q(c) = -124*c - 1221. Calculate the remainder when 623 is divided by q(-10).
15
Let p = -83 - -82. What is the remainder when 127 is divided by ((-32)/6 + p)/((-8)/24)?
13
Suppose -5*c = t + 585, -3*t + 8 = -7. Let k = c + 129. What is the remainder when 30 is divided by k?
8
Let a(q) = -q**2 + 265*q + 3414. Calculate the remainder when a(0) is divided by 17.
14
Suppose 207*o - 221*o + 3542 = 0. Calculate the remainder when o is divided by 129.
124
Let o be (-2)/2 + -4 + -4 + -6. Calculate the remainder when 45 is divided by (o/(-25))/(1/(-5)) - -19.
13
Suppose -22*l + 3380 = 11*l - 1075. What is the remainder when 276 is divided by l?
6
Let n = -251 + 494. Suppose -2*s + 73 = 4*f - 45, -4*s + 239 = 5*f. What is the remainder when n is divided by s?
60
Let t be (-14 + 12)*(135/(-6) + -1). Suppose -2*n + 5*n = -4*w + 129, 0 = -2*w - 5*n + t. Let g = -16 - -87. Calculate the remainder when g is divided by w.
35
Suppose -22 = 3*h + s, -3*h + 0*s - 14 = -s. Let k(p) = 6*p + 44. Calculate the remainder when k(h) is divided by 1.
0
Let j(q) = -q**3 - 21*q**2 - 21*q - 16. Let s be (-1)/6 + 238/(-12). What is the remainder when 14 is divided by j(s)?
2
Let r = 28116 - 23891. What is the remainder when r is divided by 51?
43
Let c be ((-75)/(-6) - -1)*2. Let d = 30 - c. Suppose -4*b - d*n = -34, 3*n + 56 = 5*b - 0*n. What is the remainder when 19 is divided by b?
9
Let a = -2513 + 2678. What is the remainder when a is divided by 141?
24
Let g be 228 + -1 + -1 - (14 - 18). Let i = g - 154. Calculate the remainder when i is divided by 41.
35
Let o = 1501 + -993. What is the remainder when o is divided by 38?
14
Let g = 8031 + -7383. What is the remainder when 3256 is divided by g?
16
Suppose -38 = d + 3*q, -194 = -3*d + 7*d - 2*q. Let u = d + 54. Calculate the remainder when u is divided by (-6)/(-2)*(3 - 6 - -4).
1
Let m(g) = -g**3 + 9*g**2 + 19*g - 19. Let k be m(10). Suppose 0 = -k*p + 69*p + 1062. Calculate the remainder when p is divided by 76.
75
Suppose -149*w + 38993 + 38785 = 0. What is the remainder when w is divided by 21?
18
Suppose -52 = -2*y - 12. Let x = -102 - -104. Suppose -x*j - 40 = -2*i, 0 = 2*i - 3*i - 5*j + y. What is the remainder when i is divided by 11?
9
Suppose 3*o = -4 + 163. Let c = o - 48. Suppose -63 = -13*q + 6*q. What is the remainder when q is divided by c?
4
What is the remainder when 1878 is divided by (-2)/22 + (-220032)/(-352)?
3
Suppose 0 = -3*l - 4*k + 652, -1543*l + 1544*l + 4*k - 212 = 0. What is the remainder when l is divided by 111?
109
Let p = 29 + 5. Let u(r) = 29*r + 10. Let i be u(-6). What is the remainder when (-33)/(-9) + 1/3 - i is divided by p?
32
Let s be 506/(-154) - 7/((-49)/2). Calculate the remainder when s/5 + 3402/45 is divided by 27.
21
Suppose 5*t - 323 = b + b, t + 3*b - 51 = 0. Let l = 10 + -47. Let z = t + l. What is the remainder when z is divided by 17?
9
Suppose -d - 662 = -5*x, 3*x = 8*x + 3*d - 694. What is the remainder when 825 is divided by x?
21
Suppose -3*d - 4*l + 99 = 0, 43*d + 5*l - 175 = 38*d. What is the remainder when 121 is divided by d?
39
Let p = 624 - 574. Calculate the remainder when 215 is divided by p.
15
Suppose -21645 = -54*d - 5067. Calculate the remainder when d is divided by 120.
67
Let p = 886 - 464. Suppose -4*y - 3*q = -617 - 231, -2*y + p = q. Let i = -106 + y. Calculate the remainder when i is divided by 36.
31
Suppose -114*f = -117*f + 1155. Suppose 8*q = 3*q + f. What is the remainder when 81 is divided by q?
4
Suppose -3289*m = -3308*m + 4066. Calculate the remainder when m is divided by 40.
14
Let z(h) = -104*h - 3. Let g(b) = 208*b + 4. Let i(o) = 3*g(o) + 5*z(o). What is the remainder when i(1) is divided by 13?
10
Suppose -2*i - 2 = -5*p + 6, -2*i = -4*p + 6. Let a = 96 + -66. What is the remainder when -3*(-95)/5 + p is divided by a?
29
Let a = 12 - 0. Let i = 456 - 430. Suppose 2*x - 81 = p + i, -4*x = -p - 217. Calculate the remainder when x is divided by a.
7
Suppose -1470 = -20*p + 9*p + 4679. Calculate the remainder when p is divided by 110.
9
Calculate the remainder when (-11)/(-44)*-20*530/(-5) is divided by 97.
45
Suppose -2234 = -31*d + 277. Suppose -4*w + d = 3*j - 3*w, 100 = 4*j + 4*w. Suppose 4*x - 325 = 103. What is the remainder when x is divided by j?
23
Let v be (15/75)/((2/310)/1). Suppose 5*m + 1 - v = 0. Let r = 4 + 6. Calculate the remainder when r is divided by m.
4
Suppose -7*l + 574 + 609 = 0. Suppose 11*k - l - 1272 = 0. Calculate the remainder when k is divided by 36.
23
Let p = -70 + 75. Let z(b) = b**3 - 2*b**2 - 9*b + 6. Let y be z(p). Let s = 157 - y. Calculate the remainder when s is divided by 31.
28
Let k = -1300 + 4868. Calculate the remainder when k is divided by 70.
68
Let s = 5052 + -4649. Calculate the remainder when s is divided by 67.
1
Let i(k) = k**3 - 11*k**2 - 7*k + 31. Let h be i(11). Let r = 19 - -54. Let c = r + h. What is the remainder when c is divided by 7?
6
Let a = -10608 - -10627. What is the remainder when 542 is divided by a?
10
Suppose -2*q = -4, 27*h - q + 14 = 31*h. Suppose 4*r + h*a = 121, -20*a = -r - 22*a + 34. What is the remainder when 64 is divided by r?
8
Let v = 340 - 333. Suppose -v*o + 161 = -0*o. What is the remainder when 114 is divided by o?
22
Let y(d) be the second derivative of d**4/6 - 4*d**3/3 + 31*d. Let a be (-66)/4*(0 + (-4)/6). Calculate the remainder when y(a) is divided by 32.
26
Let s = 865 - 825. What is the remainder when s is divided by 33?
7
Let p = -87 + 89. Suppose -s = 5*z - p*z - 178, -4*z = -4*s + 680. Calculate the remainder when s is divided by 25/4*(1 + 3).
22
Suppose -3*d - 15 = 0, 8*y - 5*d - 52 = 11*y. What is the remainder when 21 is divided by y/(-18) + ((-15)/(-2) - 1)?
0
Suppose 0 = -2*a + 220 - 38. Calculate the remainder when 726 is divided by a.
89
Let y = 8700 + -5306. What is the remainder when y is divided by 6?
4
Let o(q) = 10*q + 13. Let g be o(5). Suppose -105 = 4*p - 3*j, -2*p + 0*p + 5*j - g = 0. What is the remainder when ((-3)/9)/((-4)/p)*-23 is divided by 12?
10
Suppose 4*m = -12, 4*t - 3 = 2*m - 1. Let f(i) = -3*i - 1. Suppose -2*k + 16 = 4*o, 0 = -o - 101*k + 104*k + 4. What is the remainder when o is divided by f(t)?
0
Let n(c) = 9*c**2 - 20*c - 6. Suppose 17*r - 99 - 54 = 0. Calculate the remainder when n(r) is divided by 26.
23
Let d(i) = -i**3 - 5*i**2 - 5*i + 2. Let k be d(-2). What is the remainder when 10 is divided by 1221/444 + k + (-5)/(-4)?
2
What is the remainder w